{"id":166,"date":"2019-06-11T17:24:55","date_gmt":"2019-06-11T15:24:55","guid":{"rendered":"https:\/\/adele-sansone.com\/wordpress\/?page_id=166"},"modified":"2020-07-24T19:34:11","modified_gmt":"2020-07-24T17:34:11","slug":"reisen","status":"publish","type":"page","link":"https:\/\/adele-sansone.com\/wordpress\/reisen\/","title":{"rendered":"Reisen"},"content":{"rendered":"\r\n<p style=\"text-align: center;\"><strong>Nur wo du zu Fu\u00df warst,<\/strong><\/p>\r\n<p style=\"text-align: center;\"><strong>bist du auch wirklich gewesen!<\/strong><\/p>\r\n<p style=\"text-align: center;\"><em>Johann Wolfgang von Goethe<\/em><\/p>\r\n<figure id=\"attachment_199\" aria-describedby=\"caption-attachment-199\" style=\"width: 300px\" class=\"wp-caption aligncenter\"><img loading=\"lazy\" decoding=\"async\" class=\"size-medium wp-image-199\" src=\"https:\/\/adele-sansone.com\/wordpress\/wp-content\/uploads\/2019\/06\/DSC00049-2-300x169.jpg\" alt=\"\" width=\"300\" height=\"169\" srcset=\"https:\/\/adele-sansone.com\/wordpress\/wp-content\/uploads\/2019\/06\/DSC00049-2-300x169.jpg 300w, https:\/\/adele-sansone.com\/wordpress\/wp-content\/uploads\/2019\/06\/DSC00049-2-768x432.jpg 768w, https:\/\/adele-sansone.com\/wordpress\/wp-content\/uploads\/2019\/06\/DSC00049-2-1024x576.jpg 1024w, https:\/\/adele-sansone.com\/wordpress\/wp-content\/uploads\/2019\/06\/DSC00049-2-150x84.jpg 150w\" sizes=\"auto, (max-width: 300px) 100vw, 300px\" \/><figcaption id=\"caption-attachment-199\" class=\"wp-caption-text\">Menorca, Cami de Cavalls<\/figcaption><\/figure>\r\n<p>Nach diesem sch\u00f6nen Motto reisen wir die letzten Jahre. Immer mit Augenmerk auf die besonderen Sch\u00f6nheiten der Natur. Einige dieser besonderen Reise-Eindr\u00fccke m\u00f6chte ich gerne hier mit euch teilen.<\/p>\r\n","protected":false},"excerpt":{"rendered":"","protected":false},"author":2,"featured_media":0,"parent":0,"menu_order":50,"comment_status":"closed","ping_status":"closed","template":"","meta":{"footnotes":""},"class_list":["post-166","page","type-page","status-publish","hentry"],"_links":{"self":[{"href":"https:\/\/adele-sansone.com\/wordpress\/wp-json\/wp\/v2\/pages\/166","targetHints":{"allow":["GET"]}}],"collection":[{"href":"https:\/\/adele-sansone.com\/wordpress\/wp-json\/wp\/v2\/pages"}],"about":[{"href":"https:\/\/adele-sansone.com\/wordpress\/wp-json\/wp\/v2\/types\/page"}],"author":[{"embeddable":true,"href":"https:\/\/adele-sansone.com\/wordpress\/wp-json\/wp\/v2\/users\/2"}],"replies":[{"embeddable":true,"href":"https:\/\/adele-sansone.com\/wordpress\/wp-json\/wp\/v2\/comments?post=166"}],"version-history":[{"count":13,"href":"https:\/\/adele-sansone.com\/wordpress\/wp-json\/wp\/v2\/pages\/166\/revisions"}],"predecessor-version":[{"id":466,"href":"https:\/\/adele-sansone.com\/wordpress\/wp-json\/wp\/v2\/pages\/166\/revisions\/466"}],"wp:attachment":[{"href":"https:\/\/adele-sansone.com\/wordpress\/wp-json\/wp\/v2\/media?parent=166"}],"curies":[{"name":"wp","href":"https:\/\/api.w.org\/{rel}","templated":true}]}}