{"id":21,"date":"2019-04-10T15:39:21","date_gmt":"2019-04-10T13:39:21","guid":{"rendered":"https:\/\/adele-sansone.com\/wordpress\/?page_id=21"},"modified":"2024-10-03T15:38:43","modified_gmt":"2024-10-03T13:38:43","slug":"pflanzen","status":"publish","type":"page","link":"https:\/\/adele-sansone.com\/wordpress\/pflanzen\/","title":{"rendered":"Pflanzen"},"content":{"rendered":"<p>Mein Hauptinteresse in der Natur gilt den Pflanzen. Wandere ich irgendwo durch mir bekannte oder fremde Gegenden, m\u00f6chte ich gerne wissen, wie die Pflanzen, die mir buchst\u00e4blich zu F\u00fc\u00dfen liegen, hei\u00dfen.<\/p>\n<figure id=\"attachment_361\" aria-describedby=\"caption-attachment-361\" style=\"width: 300px\" class=\"wp-caption aligncenter\"><img loading=\"lazy\" decoding=\"async\" class=\"size-medium wp-image-361\" src=\"https:\/\/adele-sansone.com\/wordpress\/wp-content\/uploads\/2019\/06\/Headerbild-300x169.jpg\" alt=\"\" width=\"300\" height=\"169\" srcset=\"https:\/\/adele-sansone.com\/wordpress\/wp-content\/uploads\/2019\/06\/Headerbild-300x169.jpg 300w, https:\/\/adele-sansone.com\/wordpress\/wp-content\/uploads\/2019\/06\/Headerbild-150x84.jpg 150w, https:\/\/adele-sansone.com\/wordpress\/wp-content\/uploads\/2019\/06\/Headerbild.jpg 329w\" sizes=\"auto, (max-width: 300px) 100vw, 300px\" \/><figcaption id=\"caption-attachment-361\" class=\"wp-caption-text\">Berg-Nelkenwurz<\/figcaption><\/figure>\n<ul>\n<li><span data-offset-key=\"4n5s1-0-0\">Zu welcher Pflanzenfamilie geh\u00f6ren sie?<\/span><\/li>\n<li><span data-offset-key=\"4n5s1-0-0\">Welche Anspr\u00fcche oder Besonderheiten haben sie?<\/span><\/li>\n<li><span data-offset-key=\"4n5s1-0-0\">Wie kamen sie zu ihren, oft sehr ungew\u00f6hnlichen, Namen?<\/span><\/li>\n<li><span data-offset-key=\"4n5s1-0-0\">Gibt es besondere Geschichten rund um ihre Entdeckung? <\/span><\/li>\n<li><span data-offset-key=\"4n5s1-0-0\"><span data-offset-key=\"4n5s1-0-0\">Welche Tiere lieben oder brauchen sie?<\/span><\/span><\/li>\n<\/ul>\n<p><span data-offset-key=\"4n5s1-0-0\">Sie finden in meinem Blog jedenfalls eine sehr pers\u00f6nliche Sammlung verschiedenster Pflanzen, ein vergn\u00fcgliches Pflanzenlexikon quasi mit kleinen botanischen Infos und viel Drumherum.<br \/>\n<em>PS: Etwaige botanische Feinheiten, die nicht artgerecht genug geh\u00e4ndelt wurden, m\u00f6gen die Leser tolerant \u00fcberlesen.<\/em><\/span><\/p>\n","protected":false},"excerpt":{"rendered":"<p>Mein Hauptinteresse in der Natur gilt den Pflanzen. Wandere ich irgendwo durch mir bekannte oder fremde Gegenden, m\u00f6chte ich gerne wissen, wie die Pflanzen, die mir buchst\u00e4blich zu F\u00fc\u00dfen liegen, hei\u00dfen. Zu welcher Pflanzenfamilie geh\u00f6ren sie? Welche Anspr\u00fcche oder Besonderheiten haben sie? Wie kamen sie zu ihren, oft sehr ungew\u00f6hnlichen, &hellip;<\/p>\n","protected":false},"author":2,"featured_media":79,"parent":0,"menu_order":20,"comment_status":"closed","ping_status":"closed","template":"","meta":{"footnotes":""},"class_list":["post-21","page","type-page","status-publish","has-post-thumbnail","hentry"],"_links":{"self":[{"href":"https:\/\/adele-sansone.com\/wordpress\/wp-json\/wp\/v2\/pages\/21","targetHints":{"allow":["GET"]}}],"collection":[{"href":"https:\/\/adele-sansone.com\/wordpress\/wp-json\/wp\/v2\/pages"}],"about":[{"href":"https:\/\/adele-sansone.com\/wordpress\/wp-json\/wp\/v2\/types\/page"}],"author":[{"embeddable":true,"href":"https:\/\/adele-sansone.com\/wordpress\/wp-json\/wp\/v2\/users\/2"}],"replies":[{"embeddable":true,"href":"https:\/\/adele-sansone.com\/wordpress\/wp-json\/wp\/v2\/comments?post=21"}],"version-history":[{"count":11,"href":"https:\/\/adele-sansone.com\/wordpress\/wp-json\/wp\/v2\/pages\/21\/revisions"}],"predecessor-version":[{"id":4326,"href":"https:\/\/adele-sansone.com\/wordpress\/wp-json\/wp\/v2\/pages\/21\/revisions\/4326"}],"wp:featuredmedia":[{"embeddable":true,"href":"https:\/\/adele-sansone.com\/wordpress\/wp-json\/wp\/v2\/media\/79"}],"wp:attachment":[{"href":"https:\/\/adele-sansone.com\/wordpress\/wp-json\/wp\/v2\/media?parent=21"}],"curies":[{"name":"wp","href":"https:\/\/api.w.org\/{rel}","templated":true}]}}